{"id":14411,"date":"2022-07-14T10:29:09","date_gmt":"2022-07-14T08:29:09","guid":{"rendered":"https:\/\/sfb1436.de\/?page_id=14411"},"modified":"2025-09-05T08:40:47","modified_gmt":"2025-09-05T06:40:47","slug":"copyright","status":"publish","type":"page","link":"https:\/\/sfb1436.de\/de\/copyright\/","title":{"rendered":"Copyright"},"content":{"rendered":"\n<div class=\"wp-block-pb-accordion-item c-accordion__item js-accordion-item no-js\" data-initially-open=\"false\" data-click-to-close=\"true\" data-auto-close=\"true\" data-scroll=\"false\" data-scroll-offset=\"0\"><h2 id=\"at-144110\" class=\"c-accordion__title js-accordion-controller\" role=\"button\">Slider<\/h2><div id=\"ac-144110\" class=\"c-accordion__content\">\n<ul class=\"wp-block-list has-tertiary-background-color has-background\">\n<li>Joachim K\u00fcffner, DZNE <\/li>\n\n\n\n<li>Frommann, DZNE<\/li>\n\n\n\n<li>Frommann, DZNE<\/li>\n\n\n\n<li>Frommann, DZNE<\/li>\n\n\n\n<li>Frommann, DZNE<\/li>\n\n\n\n<li>Frommann, DZNE<\/li>\n<\/ul>\n<\/div><\/div>\n\n\n\n<div class=\"wp-block-pb-accordion-item c-accordion__item js-accordion-item no-js\" data-initially-open=\"false\" data-click-to-close=\"true\" data-auto-close=\"true\" data-scroll=\"false\" data-scroll-offset=\"0\"><h2 id=\"at-144111\" class=\"c-accordion__title js-accordion-controller\" role=\"button\">Startseite<\/h2><div id=\"ac-144111\" class=\"c-accordion__content\">\n<ul class=\"wp-block-list has-tertiary-background-color has-background\">\n<li>News-Motiv: twenty20photos<\/li>\n\n\n\n<li>E. D\u00fczel \/ M. Kreutz: Jana D\u00fcnnhaupt, OVGU<\/li>\n<\/ul>\n<\/div><\/div>\n\n\n\n<div class=\"wp-block-pb-accordion-item c-accordion__item js-accordion-item no-js\" data-initially-open=\"false\" data-click-to-close=\"true\" data-auto-close=\"true\" data-scroll=\"false\" data-scroll-offset=\"0\"><h2 id=\"at-144112\" class=\"c-accordion__title js-accordion-controller\" role=\"button\">Projekte<\/h2><div id=\"ac-144112\" class=\"c-accordion__content\">\n<ul class=\"wp-block-list has-tertiary-background-color has-background\">\n<li>C01 Marco Taubert, OVGU<\/li>\n\n\n\n<li>C03 Anwesha Das, OVGU<\/li>\n\n\n\n<li>FDM: https:\/\/icons8.de<\/li>\n<\/ul>\n<\/div><\/div>\n\n\n\n<div class=\"wp-block-pb-accordion-item c-accordion__item js-accordion-item no-js\" data-initially-open=\"false\" data-click-to-close=\"true\" data-auto-close=\"true\" data-scroll=\"false\" data-scroll-offset=\"0\"><h2 id=\"at-144113\" class=\"c-accordion__title js-accordion-controller\" role=\"button\">Mitglieder<\/h2><div id=\"ac-144113\" class=\"c-accordion__content\">\n<ul class=\"wp-block-list has-tertiary-background-color has-background\">\n<li>Sarah Rinka, OVGU<\/li>\n\n\n\n<li>Jana D\u00fcnnhaupt, OVGU<\/li>\n\n\n\n<li>Melitta Schubert, OVGU<\/li>\n\n\n\n<li>Kevin Allen<\/li>\n\n\n\n<li>Maria Andres-Alonso <\/li>\n\n\n\n<li>Mandy Bartsch <\/li>\n\n\n\n<li>Henryk Barthel<\/li>\n\n\n\n<li>Maximilian Borgmeyer<\/li>\n\n\n\n<li>Radoslaw&nbsp;Martin&nbsp;Cichy <\/li>\n\n\n\n<li>Ugur Cikrikcili<\/li>\n\n\n\n<li>Larissa Fischer<\/li>\n\n\n\n<li>Katarzyna Grochowska<\/li>\n\n\n\n<li>Max Happel<\/li>\n\n\n\n<li>Solveig Jandke<\/li>\n\n\n\n<li>Avinash Kalyani<\/li>\n\n\n\n<li>Christoph Knoll<\/li>\n\n\n\n<li>Peter Landgraf <\/li>\n\n\n\n<li>Nico Lehmann<\/li>\n\n\n\n<li>Peng Liu <\/li>\n\n\n\n<li>Falk L\u00fcsebrink&nbsp;<\/li>\n\n\n\n<li>Anne Maa\u00df<\/li>\n\n\n\n<li>Patrick M\u00fcller<\/li>\n\n\n\n<li>Toemme Noesselt: Center for Behavioral Brain Sciences \/ OVGU<\/li>\n\n\n\n<li>Anne Petzold<\/li>\n\n\n\n<li>Rajeev Raman <\/li>\n\n\n\n<li>Petra Ritter: Charit\u00e9 Berlin<\/li>\n\n\n\n<li>\u00a0Robin Ritter\/Leibniz-Institut f\u00fcr Neurobiologie: Portrait Dr. Oliver Barnstedt<\/li>\n\n\n\n<li>Boyan Rong <\/li>\n\n\n\n<li>Micael Ariel Schoenfeld <\/li>\n\n\n\n<li>Bj\u00f6rn Hendrik Schott <\/li>\n\n\n\n<li>Beate Schumann-Werner <\/li>\n\n\n\n<li>Vladislava Segen <\/li>\n\n\n\n<li>Gabriel Ziegler<\/li>\n<\/ul>\n<\/div><\/div>\n\n\n\n<div class=\"wp-block-pb-accordion-item c-accordion__item js-accordion-item no-js\" data-initially-open=\"false\" data-click-to-close=\"true\" data-auto-close=\"true\" data-scroll=\"false\" data-scroll-offset=\"0\"><h2 id=\"at-144114\" class=\"c-accordion__title js-accordion-controller\" role=\"button\">Graduiertenschule<\/h2><div id=\"ac-144114\" class=\"c-accordion__content\">\n<ul class=\"wp-block-list has-tertiary-background-color has-background\">\n<li>Elisa Lancini<\/li>\n<\/ul>\n<\/div><\/div>\n","protected":false},"excerpt":{"rendered":"","protected":false},"author":4,"featured_media":0,"parent":0,"menu_order":0,"comment_status":"closed","ping_status":"closed","template":"","meta":{"_crdt_document":"","_uag_custom_page_level_css":"","footnotes":""},"class_list":["post-14411","page","type-page","status-publish","hentry"],"yoast_head":"<!-- This site is optimized with the Yoast SEO plugin v27.1.1 - https:\/\/yoast.com\/product\/yoast-seo-wordpress\/ -->\n<title>Copyright - SFB1436<\/title>\n<meta name=\"description\" content=\"Die Copyright der Fotos auf der Domain www.sfb1436.de\/de in Magdeburg werden auf dieser Seite aufgelistet, um den Urheber zu sch\u00fctzen.\" \/>\n<meta name=\"robots\" content=\"index, follow, max-snippet:-1, max-image-preview:large, max-video-preview:-1\" \/>\n<link rel=\"canonical\" href=\"https:\/\/sfb1436.de\/de\/copyright\/\" \/>\n<meta property=\"og:locale\" content=\"de_DE\" \/>\n<meta property=\"og:type\" content=\"article\" \/>\n<meta property=\"og:title\" content=\"Copyright - SFB1436\" \/>\n<meta property=\"og:description\" content=\"Die Copyright der Fotos auf der Domain www.sfb1436.de\/de in Magdeburg werden auf dieser Seite aufgelistet, um den Urheber zu sch\u00fctzen.\" \/>\n<meta property=\"og:url\" content=\"https:\/\/sfb1436.de\/de\/copyright\/\" \/>\n<meta property=\"og:site_name\" content=\"SFB1436\" \/>\n<meta property=\"article:modified_time\" content=\"2025-09-05T06:40:47+00:00\" \/>\n<meta name=\"twitter:card\" content=\"summary_large_image\" \/>\n<meta name=\"twitter:label1\" content=\"Gesch\u00e4tzte Lesezeit\" \/>\n\t<meta name=\"twitter:data1\" content=\"1\u00a0Minute\" \/>\n<script type=\"application\/ld+json\" class=\"yoast-schema-graph\">{\"@context\":\"https:\/\/schema.org\",\"@graph\":[{\"@type\":\"WebPage\",\"@id\":\"https:\/\/sfb1436.de\/de\/copyright\/\",\"url\":\"https:\/\/sfb1436.de\/de\/copyright\/\",\"name\":\"Copyright - SFB1436\",\"isPartOf\":{\"@id\":\"https:\/\/sfb1436.de\/de\/#website\"},\"datePublished\":\"2022-07-14T08:29:09+00:00\",\"dateModified\":\"2025-09-05T06:40:47+00:00\",\"description\":\"Die Copyright der Fotos auf der Domain www.sfb1436.de\/de in Magdeburg werden auf dieser Seite aufgelistet, um den Urheber zu sch\u00fctzen.\",\"breadcrumb\":{\"@id\":\"https:\/\/sfb1436.de\/de\/copyright\/#breadcrumb\"},\"inLanguage\":\"de\",\"potentialAction\":[{\"@type\":\"ReadAction\",\"target\":[\"https:\/\/sfb1436.de\/de\/copyright\/\"]}]},{\"@type\":\"BreadcrumbList\",\"@id\":\"https:\/\/sfb1436.de\/de\/copyright\/#breadcrumb\",\"itemListElement\":[{\"@type\":\"ListItem\",\"position\":1,\"name\":\"Startseite\",\"item\":\"https:\/\/sfb1436.de\/de\/\"},{\"@type\":\"ListItem\",\"position\":2,\"name\":\"Copyright\"}]},{\"@type\":\"WebSite\",\"@id\":\"https:\/\/sfb1436.de\/de\/#website\",\"url\":\"https:\/\/sfb1436.de\/de\/\",\"name\":\"SFB1436\",\"description\":\"\",\"publisher\":{\"@id\":\"https:\/\/sfb1436.de\/de\/#organization\"},\"potentialAction\":[{\"@type\":\"SearchAction\",\"target\":{\"@type\":\"EntryPoint\",\"urlTemplate\":\"https:\/\/sfb1436.de\/de\/?s={search_term_string}\"},\"query-input\":{\"@type\":\"PropertyValueSpecification\",\"valueRequired\":true,\"valueName\":\"search_term_string\"}}],\"inLanguage\":\"de\"},{\"@type\":\"Organization\",\"@id\":\"https:\/\/sfb1436.de\/de\/#organization\",\"name\":\"Otto-von-Guericke Universit\u00e4t Medizinische Fakult\u00e4t Institut f\u00fcr Kognitive Neurologie und Demenzforschung\",\"url\":\"https:\/\/sfb1436.de\/de\/\",\"logo\":{\"@type\":\"ImageObject\",\"inLanguage\":\"de\",\"@id\":\"https:\/\/sfb1436.de\/de\/#\/schema\/logo\/image\/\",\"url\":\"https:\/\/sfb1436.de\/wp-content\/uploads\/2021\/12\/logo-sfb.png\",\"contentUrl\":\"https:\/\/sfb1436.de\/wp-content\/uploads\/2021\/12\/logo-sfb.png\",\"width\":1244,\"height\":820,\"caption\":\"Otto-von-Guericke Universit\u00e4t Medizinische Fakult\u00e4t Institut f\u00fcr Kognitive Neurologie und Demenzforschung\"},\"image\":{\"@id\":\"https:\/\/sfb1436.de\/de\/#\/schema\/logo\/image\/\"}}]}<\/script>\n<!-- \/ Yoast SEO plugin. -->","yoast_head_json":{"title":"Copyright - SFB1436","description":"Die Copyright der Fotos auf der Domain www.sfb1436.de\/de in Magdeburg werden auf dieser Seite aufgelistet, um den Urheber zu sch\u00fctzen.","robots":{"index":"index","follow":"follow","max-snippet":"max-snippet:-1","max-image-preview":"max-image-preview:large","max-video-preview":"max-video-preview:-1"},"canonical":"https:\/\/sfb1436.de\/de\/copyright\/","og_locale":"de_DE","og_type":"article","og_title":"Copyright - SFB1436","og_description":"Die Copyright der Fotos auf der Domain www.sfb1436.de\/de in Magdeburg werden auf dieser Seite aufgelistet, um den Urheber zu sch\u00fctzen.","og_url":"https:\/\/sfb1436.de\/de\/copyright\/","og_site_name":"SFB1436","article_modified_time":"2025-09-05T06:40:47+00:00","twitter_card":"summary_large_image","twitter_misc":{"Gesch\u00e4tzte Lesezeit":"1\u00a0Minute"},"schema":{"@context":"https:\/\/schema.org","@graph":[{"@type":"WebPage","@id":"https:\/\/sfb1436.de\/de\/copyright\/","url":"https:\/\/sfb1436.de\/de\/copyright\/","name":"Copyright - SFB1436","isPartOf":{"@id":"https:\/\/sfb1436.de\/de\/#website"},"datePublished":"2022-07-14T08:29:09+00:00","dateModified":"2025-09-05T06:40:47+00:00","description":"Die Copyright der Fotos auf der Domain www.sfb1436.de\/de in Magdeburg werden auf dieser Seite aufgelistet, um den Urheber zu sch\u00fctzen.","breadcrumb":{"@id":"https:\/\/sfb1436.de\/de\/copyright\/#breadcrumb"},"inLanguage":"de","potentialAction":[{"@type":"ReadAction","target":["https:\/\/sfb1436.de\/de\/copyright\/"]}]},{"@type":"BreadcrumbList","@id":"https:\/\/sfb1436.de\/de\/copyright\/#breadcrumb","itemListElement":[{"@type":"ListItem","position":1,"name":"Startseite","item":"https:\/\/sfb1436.de\/de\/"},{"@type":"ListItem","position":2,"name":"Copyright"}]},{"@type":"WebSite","@id":"https:\/\/sfb1436.de\/de\/#website","url":"https:\/\/sfb1436.de\/de\/","name":"SFB1436","description":"","publisher":{"@id":"https:\/\/sfb1436.de\/de\/#organization"},"potentialAction":[{"@type":"SearchAction","target":{"@type":"EntryPoint","urlTemplate":"https:\/\/sfb1436.de\/de\/?s={search_term_string}"},"query-input":{"@type":"PropertyValueSpecification","valueRequired":true,"valueName":"search_term_string"}}],"inLanguage":"de"},{"@type":"Organization","@id":"https:\/\/sfb1436.de\/de\/#organization","name":"Otto-von-Guericke Universit\u00e4t Medizinische Fakult\u00e4t Institut f\u00fcr Kognitive Neurologie und Demenzforschung","url":"https:\/\/sfb1436.de\/de\/","logo":{"@type":"ImageObject","inLanguage":"de","@id":"https:\/\/sfb1436.de\/de\/#\/schema\/logo\/image\/","url":"https:\/\/sfb1436.de\/wp-content\/uploads\/2021\/12\/logo-sfb.png","contentUrl":"https:\/\/sfb1436.de\/wp-content\/uploads\/2021\/12\/logo-sfb.png","width":1244,"height":820,"caption":"Otto-von-Guericke Universit\u00e4t Medizinische Fakult\u00e4t Institut f\u00fcr Kognitive Neurologie und Demenzforschung"},"image":{"@id":"https:\/\/sfb1436.de\/de\/#\/schema\/logo\/image\/"}}]}},"uagb_featured_image_src":{"full":false,"thumbnail":false,"medium":false,"medium_large":false,"large":false,"gs-tiny":false,"xl":false,"xxl":false,"xxxl":false,"xxxxl":false,"xxxxxl":false,"1536x1536":false,"2048x2048":false,"awsm_team":false},"uagb_author_info":{"display_name":"redakteur","author_link":"https:\/\/sfb1436.de\/de\/author\/redakteur\/"},"uagb_comment_info":0,"uagb_excerpt":null,"_links":{"self":[{"href":"https:\/\/sfb1436.de\/de\/wp-json\/wp\/v2\/pages\/14411","targetHints":{"allow":["GET"]}}],"collection":[{"href":"https:\/\/sfb1436.de\/de\/wp-json\/wp\/v2\/pages"}],"about":[{"href":"https:\/\/sfb1436.de\/de\/wp-json\/wp\/v2\/types\/page"}],"author":[{"embeddable":true,"href":"https:\/\/sfb1436.de\/de\/wp-json\/wp\/v2\/users\/4"}],"replies":[{"embeddable":true,"href":"https:\/\/sfb1436.de\/de\/wp-json\/wp\/v2\/comments?post=14411"}],"version-history":[{"count":19,"href":"https:\/\/sfb1436.de\/de\/wp-json\/wp\/v2\/pages\/14411\/revisions"}],"predecessor-version":[{"id":28582,"href":"https:\/\/sfb1436.de\/de\/wp-json\/wp\/v2\/pages\/14411\/revisions\/28582"}],"wp:attachment":[{"href":"https:\/\/sfb1436.de\/de\/wp-json\/wp\/v2\/media?parent=14411"}],"curies":[{"name":"wp","href":"https:\/\/api.w.org\/{rel}","templated":true}]}}

<div class="wp-block-pb-accordion-item c-accordion__item js-accordion-item no-js" data-initially-open="false" data-click-to-close="true" data-auto-close="true" data-scroll="false" data-scroll-offset="0"><h2 id="at-144110" class="c-accordion__title js-accordion-controller" role="button">Slider</h2><div id="ac-144110" class="c-accordion__content">
<ul class="wp-block-list has-tertiary-background-color has-background">
<li>Joachim Küffner, DZNE </li>



<li>Frommann, DZNE</li>



<li>Frommann, DZNE</li>



<li>Frommann, DZNE</li>



<li>Frommann, DZNE</li>



<li>Frommann, DZNE</li>
</ul>
</div></div>



<div class="wp-block-pb-accordion-item c-accordion__item js-accordion-item no-js" data-initially-open="false" data-click-to-close="true" data-auto-close="true" data-scroll="false" data-scroll-offset="0"><h2 id="at-144111" class="c-accordion__title js-accordion-controller" role="button">Startseite</h2><div id="ac-144111" class="c-accordion__content">
<ul class="wp-block-list has-tertiary-background-color has-background">
<li>News-Motiv: twenty20photos</li>



<li>E. Düzel / M. Kreutz: Jana Dünnhaupt, OVGU</li>
</ul>
</div></div>



<div class="wp-block-pb-accordion-item c-accordion__item js-accordion-item no-js" data-initially-open="false" data-click-to-close="true" data-auto-close="true" data-scroll="false" data-scroll-offset="0"><h2 id="at-144112" class="c-accordion__title js-accordion-controller" role="button">Projekte</h2><div id="ac-144112" class="c-accordion__content">
<ul class="wp-block-list has-tertiary-background-color has-background">
<li>C01 Marco Taubert, OVGU</li>



<li>C03 Anwesha Das, OVGU</li>



<li>FDM: https://icons8.de</li>
</ul>
</div></div>



<div class="wp-block-pb-accordion-item c-accordion__item js-accordion-item no-js" data-initially-open="false" data-click-to-close="true" data-auto-close="true" data-scroll="false" data-scroll-offset="0"><h2 id="at-144113" class="c-accordion__title js-accordion-controller" role="button">Mitglieder</h2><div id="ac-144113" class="c-accordion__content">
<ul class="wp-block-list has-tertiary-background-color has-background">
<li>Sarah Rinka, OVGU</li>



<li>Jana Dünnhaupt, OVGU</li>



<li>Melitta Schubert, OVGU</li>



<li>Kevin Allen</li>



<li>Maria Andres-Alonso </li>



<li>Mandy Bartsch </li>



<li>Henryk Barthel</li>



<li>Maximilian Borgmeyer</li>



<li>Radoslaw&nbsp;Martin&nbsp;Cichy </li>



<li>Ugur Cikrikcili</li>



<li>Larissa Fischer</li>



<li>Katarzyna Grochowska</li>



<li>Max Happel</li>



<li>Solveig Jandke</li>



<li>Avinash Kalyani</li>



<li>Christoph Knoll</li>



<li>Peter Landgraf </li>



<li>Nico Lehmann</li>



<li>Peng Liu </li>



<li>Falk Lüsebrink&nbsp;</li>



<li>Anne Maaß</li>



<li>Patrick Müller</li>



<li>Toemme Noesselt: Center for Behavioral Brain Sciences / OVGU</li>



<li>Anne Petzold</li>



<li>Rajeev Raman </li>



<li>Petra Ritter: Charité Berlin</li>



<li> Robin Ritter/Leibniz-Institut für Neurobiologie: Portrait Dr. Oliver Barnstedt</li>



<li>Boyan Rong </li>



<li>Micael Ariel Schoenfeld </li>



<li>Björn Hendrik Schott </li>



<li>Beate Schumann-Werner </li>



<li>Vladislava Segen </li>



<li>Gabriel Ziegler</li>
</ul>
</div></div>



<div class="wp-block-pb-accordion-item c-accordion__item js-accordion-item no-js" data-initially-open="false" data-click-to-close="true" data-auto-close="true" data-scroll="false" data-scroll-offset="0"><h2 id="at-144114" class="c-accordion__title js-accordion-controller" role="button">Graduiertenschule</h2><div id="ac-144114" class="c-accordion__content">
<ul class="wp-block-list has-tertiary-background-color has-background">
<li>Elisa Lancini</li>
</ul>
</div></div>

<!-- This site is optimized with the Yoast SEO plugin v27.1.1 - https://yoast.com/product/yoast-seo-wordpress/ -->
<title>Copyright - SFB1436</title>
<meta name="description" content="Die Copyright der Fotos auf der Domain www.sfb1436.de/de in Magdeburg werden auf dieser Seite aufgelistet, um den Urheber zu schützen." />
<meta name="robots" content="index, follow, max-snippet:-1, max-image-preview:large, max-video-preview:-1" />
<link rel="canonical" href="https://sfb1436.de/de/copyright/" />
<meta property="og:locale" content="de_DE" />
<meta property="og:type" content="article" />
<meta property="og:title" content="Copyright - SFB1436" />
<meta property="og:description" content="Die Copyright der Fotos auf der Domain www.sfb1436.de/de in Magdeburg werden auf dieser Seite aufgelistet, um den Urheber zu schützen." />
<meta property="og:url" content="https://sfb1436.de/de/copyright/" />
<meta property="og:site_name" content="SFB1436" />
<meta property="article:modified_time" content="2025-09-05T06:40:47+00:00" />
<meta name="twitter:card" content="summary_large_image" />
<meta name="twitter:label1" content="Geschätzte Lesezeit" />
	<meta name="twitter:data1" content="1 Minute" />
<script type="application/ld+json" class="yoast-schema-graph">{"@context":"https://schema.org","@graph":[{"@type":"WebPage","@id":"https://sfb1436.de/de/copyright/","url":"https://sfb1436.de/de/copyright/","name":"Copyright - SFB1436","isPartOf":{"@id":"https://sfb1436.de/de/#website"},"datePublished":"2022-07-14T08:29:09+00:00","dateModified":"2025-09-05T06:40:47+00:00","description":"Die Copyright der Fotos auf der Domain www.sfb1436.de/de in Magdeburg werden auf dieser Seite aufgelistet, um den Urheber zu schützen.","breadcrumb":{"@id":"https://sfb1436.de/de/copyright/#breadcrumb"},"inLanguage":"de","potentialAction":[{"@type":"ReadAction","target":["https://sfb1436.de/de/copyright/"]}]},{"@type":"BreadcrumbList","@id":"https://sfb1436.de/de/copyright/#breadcrumb","itemListElement":[{"@type":"ListItem","position":1,"name":"Startseite","item":"https://sfb1436.de/de/"},{"@type":"ListItem","position":2,"name":"Copyright"}]},{"@type":"WebSite","@id":"https://sfb1436.de/de/#website","url":"https://sfb1436.de/de/","name":"SFB1436","description":"","publisher":{"@id":"https://sfb1436.de/de/#organization"},"potentialAction":[{"@type":"SearchAction","target":{"@type":"EntryPoint","urlTemplate":"https://sfb1436.de/de/?s={search_term_string}"},"query-input":{"@type":"PropertyValueSpecification","valueRequired":true,"valueName":"search_term_string"}}],"inLanguage":"de"},{"@type":"Organization","@id":"https://sfb1436.de/de/#organization","name":"Otto-von-Guericke Universität Medizinische Fakultät Institut für Kognitive Neurologie und Demenzforschung","url":"https://sfb1436.de/de/","logo":{"@type":"ImageObject","inLanguage":"de","@id":"https://sfb1436.de/de/#/schema/logo/image/","url":"https://sfb1436.de/wp-content/uploads/2021/12/logo-sfb.png","contentUrl":"https://sfb1436.de/wp-content/uploads/2021/12/logo-sfb.png","width":1244,"height":820,"caption":"Otto-von-Guericke Universität Medizinische Fakultät Institut für Kognitive Neurologie und Demenzforschung"},"image":{"@id":"https://sfb1436.de/de/#/schema/logo/image/"}}]}</script>
<!-- / Yoast SEO plugin. -->

Die Copyright der Fotos auf der Domain www.sfb1436.de/de in Magdeburg werden auf dieser Seite aufgelistet, um den Urheber zu schützen.

Otto-von-Guericke Universität Medizinische Fakultät Institut für Kognitive Neurologie und Demenzforschung
