{"id":10159,"date":"2022-05-12T13:09:33","date_gmt":"2022-05-12T11:09:33","guid":{"rendered":"https:\/\/sfb1436.de\/ueber-uns\/"},"modified":"2025-02-27T14:37:56","modified_gmt":"2025-02-27T13:37:56","slug":"ueber-uns","status":"publish","type":"page","link":"https:\/\/sfb1436.de\/de\/ueber-uns\/","title":{"rendered":"\u00dcber uns"},"content":{"rendered":"\n<div class=\"wp-block-columns alignwide is-layout-flex wp-container-core-columns-is-layout-cda6d148 wp-block-columns-is-layout-flex\" style=\"margin-top:0px;margin-bottom:0px;padding-top:0px;padding-right:0px;padding-bottom:0px;padding-left:0px\">\n<div class=\"wp-block-column is-layout-flow wp-block-column-is-layout-flow\" style=\"padding-top:0px;padding-right:0px;padding-bottom:0px;padding-left:0px\">\n<h2 class=\"wp-block-heading has-text-align-left\" id=\"about-our-research-mission\">Unser Forschungsschwerpunkt<\/h2>\n\n\n\n<p class=\"wp-block-paragraph\"><em>Kann man die Leistungsf\u00e4higkeit des Ged\u00e4chtnisses steigern?\n<\/em><em>Welches verborgene Potenzial hat das Gehirn und wo liegen die Grenzen?\n<\/em><em>Wie kann das kognitive Potenzial des Gehirns mobilisiert und gesteigert werden?<\/em><\/p>\n\n\n\n<p class=\"has-text-align-left wp-block-paragraph\">Die Mikro- und Makro-Architektur unseres Gehirns gibt biologische Grenzen f\u00fcr die Leistungsf\u00e4higkeit von Ged\u00e4chtnis, Aufmerksamkeit sowie Lernverm\u00f6gen vor. Doch innerhalb dieser Grenzen gibt es eine gro\u00dfe Variabilit\u00e4t, und durch spezifisches Training k\u00f6nnen individuelle kognitive F\u00e4higkeiten verbessert werden. Ziel unseres Forschungsverbundes ist es, \u00fcberpr\u00fcfbare Theorien zur Leistungsgrenze des menschlichen Gehirns zu entwickeln und Methoden zur Leistungssteigerung zu erforschen. Wir wollen verstehen, welche neurobiologischen Prinzipien die kognitiven Ressourcen begrenzen und wie diese Ressourcen voll erschlossen oder gar gesteigert werden k\u00f6nnen. Damit wollen wir neue Wege aufzeigen, um mit gezielten Interventionen neurale Ressourcen \u00fcber die gesamte Lebensspanne hinweg zu erschlie\u00dfen und zu bewahren.<\/p>\n<\/div>\n<\/div>\n\n\n\n<!--more-->\n\n\n\n<div class=\"wp-block-columns alignwide ghost-content is-layout-flex wp-container-core-columns-is-layout-cda6d148 wp-block-columns-is-layout-flex\" style=\"margin-top:0px;margin-bottom:0px;padding-top:0px;padding-right:0px;padding-bottom:0px;padding-left:0px\">\n<div class=\"wp-block-column is-layout-flow wp-block-column-is-layout-flow\" style=\"padding-top:0px;padding-right:0px;padding-bottom:0px;padding-left:0px\">\n<p class=\"wp-block-paragraph\">Mehr als 40 Wissenschaftlerinnen und Wissenschaftler in insgesamt 20 Einzelprojekten arbeiten derzeit in unserem Sonderforschungsbereich an diesem spannenden neurowissenschaftlichen Thema von gro\u00dfer gesellschaftlicher Relevanz. Im Zentrum steht f\u00fcr uns die Frage, wie Leistungsverbesserungen in einer Aufgabe auf andere Aufgaben \u00fcbertragen werden k\u00f6nnen und wann sie auf Kosten anderer F\u00e4higkeiten gehen. Mit Hilfe neuester neurowissenschaftlicher Technologien und innovativer Methoden tragen human- und tierexperimentelle Untersuchungen dazu bei, die individuelle Variabilit\u00e4t und die \u00fcbertragbare Verbesserung kognitiver Funktionen aufzukl\u00e4ren. Warum lassen kognitive F\u00e4higkeiten im Alter nach, und worin bestehen die enormen Ressourcen der \u201eSuper-Ager\u201c? Dabei betrachten wir auch molekulare biochemische Prozesse wie Tau- und Amyloid-Ablagerungen im Gehirn, wie Schlafentzug oder die Wirkung von Umwelteinfl\u00fcssen. Die Deutsche Forschungsgemeinschaft finanziert und unterst\u00fctzt das Projekt, an dem neben der Otto-von-Guericke-Universit\u00e4t Magdeburg und dem Leibniz-Institut f\u00fcr Neurobiologie auch das Deutsche Zentrum f\u00fcr Neurodegenerative Erkrankungen (DZNE) Standort Magdeburg, die Freie Universit\u00e4t Berlin, die Charit\u00e8 Universit\u00e4tsmedizin Berlin, und die Universit\u00e4ten Leipzig, Heidelberg und G\u00f6ttingen beteiligt sind.<\/p>\n\n\n\n<div style=\"height:100px\" aria-hidden=\"true\" class=\"wp-block-spacer\"><\/div>\n<\/div>\n<\/div>\n","protected":false},"excerpt":{"rendered":"<p>Unser Forschungsschwerpunkt Kann man die Leistungsf\u00e4higkeit des Ged\u00e4chtnisses steigern? Welches verborgene Potenzial hat das Gehirn und wo liegen die Grenzen? Wie kann das kognitive Potenzial des Gehirns mobilisiert und gesteigert werden? Die Mikro- und Makro-Architektur unseres Gehirns gibt biologische Grenzen f\u00fcr die Leistungsf\u00e4higkeit von Ged\u00e4chtnis, Aufmerksamkeit sowie Lernverm\u00f6gen vor. Doch innerhalb dieser Grenzen gibt es [&hellip;]<\/p>\n","protected":false},"author":4,"featured_media":0,"parent":0,"menu_order":3,"comment_status":"closed","ping_status":"closed","template":"","meta":{"_crdt_document":"","_uag_custom_page_level_css":"","footnotes":""},"class_list":["post-10159","page","type-page","status-publish","hentry"],"yoast_head":"<!-- This site is optimized with the Yoast SEO plugin v27.1.1 - https:\/\/yoast.com\/product\/yoast-seo-wordpress\/ -->\n<title>\u00dcber uns - SFB1436<\/title>\n<meta name=\"description\" content=\"Die Schwerpunkte unserer Forschung - Wie kann das kognitive Potenzial des Gehirns mobilisiert und gesteigert werden.\" \/>\n<meta name=\"robots\" content=\"index, follow, max-snippet:-1, max-image-preview:large, max-video-preview:-1\" \/>\n<link rel=\"canonical\" href=\"https:\/\/sfb1436.de\/de\/ueber-uns\/\" \/>\n<meta property=\"og:locale\" content=\"de_DE\" \/>\n<meta property=\"og:type\" content=\"article\" \/>\n<meta property=\"og:title\" content=\"\u00dcber uns - SFB1436\" \/>\n<meta property=\"og:description\" content=\"Die Schwerpunkte unserer Forschung - Wie kann das kognitive Potenzial des Gehirns mobilisiert und gesteigert werden.\" \/>\n<meta property=\"og:url\" content=\"https:\/\/sfb1436.de\/de\/ueber-uns\/\" \/>\n<meta property=\"og:site_name\" content=\"SFB1436\" \/>\n<meta property=\"article:modified_time\" content=\"2025-02-27T13:37:56+00:00\" \/>\n<meta name=\"twitter:card\" content=\"summary_large_image\" \/>\n<meta name=\"twitter:label1\" content=\"Gesch\u00e4tzte Lesezeit\" \/>\n\t<meta name=\"twitter:data1\" content=\"2\u00a0Minuten\" \/>\n<script type=\"application\/ld+json\" class=\"yoast-schema-graph\">{\"@context\":\"https:\/\/schema.org\",\"@graph\":[{\"@type\":\"WebPage\",\"@id\":\"https:\/\/sfb1436.de\/de\/ueber-uns\/\",\"url\":\"https:\/\/sfb1436.de\/de\/ueber-uns\/\",\"name\":\"\u00dcber uns - SFB1436\",\"isPartOf\":{\"@id\":\"https:\/\/sfb1436.de\/de\/#website\"},\"datePublished\":\"2022-05-12T11:09:33+00:00\",\"dateModified\":\"2025-02-27T13:37:56+00:00\",\"description\":\"Die Schwerpunkte unserer Forschung - Wie kann das kognitive Potenzial des Gehirns mobilisiert und gesteigert werden.\",\"breadcrumb\":{\"@id\":\"https:\/\/sfb1436.de\/de\/ueber-uns\/#breadcrumb\"},\"inLanguage\":\"de\",\"potentialAction\":[{\"@type\":\"ReadAction\",\"target\":[\"https:\/\/sfb1436.de\/de\/ueber-uns\/\"]}]},{\"@type\":\"BreadcrumbList\",\"@id\":\"https:\/\/sfb1436.de\/de\/ueber-uns\/#breadcrumb\",\"itemListElement\":[{\"@type\":\"ListItem\",\"position\":1,\"name\":\"Startseite\",\"item\":\"https:\/\/sfb1436.de\/de\/\"},{\"@type\":\"ListItem\",\"position\":2,\"name\":\"\u00dcber uns\"}]},{\"@type\":\"WebSite\",\"@id\":\"https:\/\/sfb1436.de\/de\/#website\",\"url\":\"https:\/\/sfb1436.de\/de\/\",\"name\":\"SFB1436\",\"description\":\"\",\"publisher\":{\"@id\":\"https:\/\/sfb1436.de\/de\/#organization\"},\"potentialAction\":[{\"@type\":\"SearchAction\",\"target\":{\"@type\":\"EntryPoint\",\"urlTemplate\":\"https:\/\/sfb1436.de\/de\/?s={search_term_string}\"},\"query-input\":{\"@type\":\"PropertyValueSpecification\",\"valueRequired\":true,\"valueName\":\"search_term_string\"}}],\"inLanguage\":\"de\"},{\"@type\":\"Organization\",\"@id\":\"https:\/\/sfb1436.de\/de\/#organization\",\"name\":\"Otto-von-Guericke Universit\u00e4t Medizinische Fakult\u00e4t Institut f\u00fcr Kognitive Neurologie und Demenzforschung\",\"url\":\"https:\/\/sfb1436.de\/de\/\",\"logo\":{\"@type\":\"ImageObject\",\"inLanguage\":\"de\",\"@id\":\"https:\/\/sfb1436.de\/de\/#\/schema\/logo\/image\/\",\"url\":\"https:\/\/sfb1436.de\/wp-content\/uploads\/2021\/12\/logo-sfb.png\",\"contentUrl\":\"https:\/\/sfb1436.de\/wp-content\/uploads\/2021\/12\/logo-sfb.png\",\"width\":1244,\"height\":820,\"caption\":\"Otto-von-Guericke Universit\u00e4t Medizinische Fakult\u00e4t Institut f\u00fcr Kognitive Neurologie und Demenzforschung\"},\"image\":{\"@id\":\"https:\/\/sfb1436.de\/de\/#\/schema\/logo\/image\/\"}}]}<\/script>\n<!-- \/ Yoast SEO plugin. -->","yoast_head_json":{"title":"\u00dcber uns - SFB1436","description":"Die Schwerpunkte unserer Forschung - Wie kann das kognitive Potenzial des Gehirns mobilisiert und gesteigert werden.","robots":{"index":"index","follow":"follow","max-snippet":"max-snippet:-1","max-image-preview":"max-image-preview:large","max-video-preview":"max-video-preview:-1"},"canonical":"https:\/\/sfb1436.de\/de\/ueber-uns\/","og_locale":"de_DE","og_type":"article","og_title":"\u00dcber uns - SFB1436","og_description":"Die Schwerpunkte unserer Forschung - Wie kann das kognitive Potenzial des Gehirns mobilisiert und gesteigert werden.","og_url":"https:\/\/sfb1436.de\/de\/ueber-uns\/","og_site_name":"SFB1436","article_modified_time":"2025-02-27T13:37:56+00:00","twitter_card":"summary_large_image","twitter_misc":{"Gesch\u00e4tzte Lesezeit":"2\u00a0Minuten"},"schema":{"@context":"https:\/\/schema.org","@graph":[{"@type":"WebPage","@id":"https:\/\/sfb1436.de\/de\/ueber-uns\/","url":"https:\/\/sfb1436.de\/de\/ueber-uns\/","name":"\u00dcber uns - SFB1436","isPartOf":{"@id":"https:\/\/sfb1436.de\/de\/#website"},"datePublished":"2022-05-12T11:09:33+00:00","dateModified":"2025-02-27T13:37:56+00:00","description":"Die Schwerpunkte unserer Forschung - Wie kann das kognitive Potenzial des Gehirns mobilisiert und gesteigert werden.","breadcrumb":{"@id":"https:\/\/sfb1436.de\/de\/ueber-uns\/#breadcrumb"},"inLanguage":"de","potentialAction":[{"@type":"ReadAction","target":["https:\/\/sfb1436.de\/de\/ueber-uns\/"]}]},{"@type":"BreadcrumbList","@id":"https:\/\/sfb1436.de\/de\/ueber-uns\/#breadcrumb","itemListElement":[{"@type":"ListItem","position":1,"name":"Startseite","item":"https:\/\/sfb1436.de\/de\/"},{"@type":"ListItem","position":2,"name":"\u00dcber uns"}]},{"@type":"WebSite","@id":"https:\/\/sfb1436.de\/de\/#website","url":"https:\/\/sfb1436.de\/de\/","name":"SFB1436","description":"","publisher":{"@id":"https:\/\/sfb1436.de\/de\/#organization"},"potentialAction":[{"@type":"SearchAction","target":{"@type":"EntryPoint","urlTemplate":"https:\/\/sfb1436.de\/de\/?s={search_term_string}"},"query-input":{"@type":"PropertyValueSpecification","valueRequired":true,"valueName":"search_term_string"}}],"inLanguage":"de"},{"@type":"Organization","@id":"https:\/\/sfb1436.de\/de\/#organization","name":"Otto-von-Guericke Universit\u00e4t Medizinische Fakult\u00e4t Institut f\u00fcr Kognitive Neurologie und Demenzforschung","url":"https:\/\/sfb1436.de\/de\/","logo":{"@type":"ImageObject","inLanguage":"de","@id":"https:\/\/sfb1436.de\/de\/#\/schema\/logo\/image\/","url":"https:\/\/sfb1436.de\/wp-content\/uploads\/2021\/12\/logo-sfb.png","contentUrl":"https:\/\/sfb1436.de\/wp-content\/uploads\/2021\/12\/logo-sfb.png","width":1244,"height":820,"caption":"Otto-von-Guericke Universit\u00e4t Medizinische Fakult\u00e4t Institut f\u00fcr Kognitive Neurologie und Demenzforschung"},"image":{"@id":"https:\/\/sfb1436.de\/de\/#\/schema\/logo\/image\/"}}]}},"uagb_featured_image_src":{"full":false,"thumbnail":false,"medium":false,"medium_large":false,"large":false,"gs-tiny":false,"xl":false,"xxl":false,"xxxl":false,"xxxxl":false,"xxxxxl":false,"1536x1536":false,"2048x2048":false,"awsm_team":false},"uagb_author_info":{"display_name":"redakteur","author_link":"https:\/\/sfb1436.de\/de\/author\/redakteur\/"},"uagb_comment_info":0,"uagb_excerpt":"Unser Forschungsschwerpunkt Kann man die Leistungsf\u00e4higkeit des Ged\u00e4chtnisses steigern? Welches verborgene Potenzial hat das Gehirn und wo liegen die Grenzen? Wie kann das kognitive Potenzial des Gehirns mobilisiert und gesteigert werden? Die Mikro- und Makro-Architektur unseres Gehirns gibt biologische Grenzen f\u00fcr die Leistungsf\u00e4higkeit von Ged\u00e4chtnis, Aufmerksamkeit sowie Lernverm\u00f6gen vor. Doch innerhalb dieser Grenzen gibt es&hellip;","_links":{"self":[{"href":"https:\/\/sfb1436.de\/de\/wp-json\/wp\/v2\/pages\/10159","targetHints":{"allow":["GET"]}}],"collection":[{"href":"https:\/\/sfb1436.de\/de\/wp-json\/wp\/v2\/pages"}],"about":[{"href":"https:\/\/sfb1436.de\/de\/wp-json\/wp\/v2\/types\/page"}],"author":[{"embeddable":true,"href":"https:\/\/sfb1436.de\/de\/wp-json\/wp\/v2\/users\/4"}],"replies":[{"embeddable":true,"href":"https:\/\/sfb1436.de\/de\/wp-json\/wp\/v2\/comments?post=10159"}],"version-history":[{"count":15,"href":"https:\/\/sfb1436.de\/de\/wp-json\/wp\/v2\/pages\/10159\/revisions"}],"predecessor-version":[{"id":26113,"href":"https:\/\/sfb1436.de\/de\/wp-json\/wp\/v2\/pages\/10159\/revisions\/26113"}],"wp:attachment":[{"href":"https:\/\/sfb1436.de\/de\/wp-json\/wp\/v2\/media?parent=10159"}],"curies":[{"name":"wp","href":"https:\/\/api.w.org\/{rel}","templated":true}]}}

Über uns

<div class="wp-block-columns alignwide is-layout-flex wp-container-core-columns-is-layout-cda6d148 wp-block-columns-is-layout-flex" style="margin-top:0px;margin-bottom:0px;padding-top:0px;padding-right:0px;padding-bottom:0px;padding-left:0px">
<div class="wp-block-column is-layout-flow wp-block-column-is-layout-flow" style="padding-top:0px;padding-right:0px;padding-bottom:0px;padding-left:0px">
<h2 class="wp-block-heading has-text-align-left" id="about-our-research-mission">Unser Forschungsschwerpunkt</h2>



<p class="wp-block-paragraph"><em>Kann man die Leistungsfähigkeit des Gedächtnisses steigern?
</em><em>Welches verborgene Potenzial hat das Gehirn und wo liegen die Grenzen?
</em><em>Wie kann das kognitive Potenzial des Gehirns mobilisiert und gesteigert werden?</em></p>



<p class="has-text-align-left wp-block-paragraph">Die Mikro- und Makro-Architektur unseres Gehirns gibt biologische Grenzen für die Leistungsfähigkeit von Gedächtnis, Aufmerksamkeit sowie Lernvermögen vor. Doch innerhalb dieser Grenzen gibt es eine große Variabilität, und durch spezifisches Training können individuelle kognitive Fähigkeiten verbessert werden. Ziel unseres Forschungsverbundes ist es, überprüfbare Theorien zur Leistungsgrenze des menschlichen Gehirns zu entwickeln und Methoden zur Leistungssteigerung zu erforschen. Wir wollen verstehen, welche neurobiologischen Prinzipien die kognitiven Ressourcen begrenzen und wie diese Ressourcen voll erschlossen oder gar gesteigert werden können. Damit wollen wir neue Wege aufzeigen, um mit gezielten Interventionen neurale Ressourcen über die gesamte Lebensspanne hinweg zu erschließen und zu bewahren.</p>
</div>
</div>



<!--more-->



<div class="wp-block-columns alignwide ghost-content is-layout-flex wp-container-core-columns-is-layout-cda6d148 wp-block-columns-is-layout-flex" style="margin-top:0px;margin-bottom:0px;padding-top:0px;padding-right:0px;padding-bottom:0px;padding-left:0px">
<div class="wp-block-column is-layout-flow wp-block-column-is-layout-flow" style="padding-top:0px;padding-right:0px;padding-bottom:0px;padding-left:0px">
<p class="wp-block-paragraph">Mehr als 40 Wissenschaftlerinnen und Wissenschaftler in insgesamt 20 Einzelprojekten arbeiten derzeit in unserem Sonderforschungsbereich an diesem spannenden neurowissenschaftlichen Thema von großer gesellschaftlicher Relevanz. Im Zentrum steht für uns die Frage, wie Leistungsverbesserungen in einer Aufgabe auf andere Aufgaben übertragen werden können und wann sie auf Kosten anderer Fähigkeiten gehen. Mit Hilfe neuester neurowissenschaftlicher Technologien und innovativer Methoden tragen human- und tierexperimentelle Untersuchungen dazu bei, die individuelle Variabilität und die übertragbare Verbesserung kognitiver Funktionen aufzuklären. Warum lassen kognitive Fähigkeiten im Alter nach, und worin bestehen die enormen Ressourcen der „Super-Ager“? Dabei betrachten wir auch molekulare biochemische Prozesse wie Tau- und Amyloid-Ablagerungen im Gehirn, wie Schlafentzug oder die Wirkung von Umwelteinflüssen. Die Deutsche Forschungsgemeinschaft finanziert und unterstützt das Projekt, an dem neben der Otto-von-Guericke-Universität Magdeburg und dem Leibniz-Institut für Neurobiologie auch das Deutsche Zentrum für Neurodegenerative Erkrankungen (DZNE) Standort Magdeburg, die Freie Universität Berlin, die Charitè Universitätsmedizin Berlin, und die Universitäten Leipzig, Heidelberg und Göttingen beteiligt sind.</p>



<div style="height:100px" aria-hidden="true" class="wp-block-spacer"></div>
</div>
</div>

<p>Unser Forschungsschwerpunkt Kann man die Leistungsfähigkeit des Gedächtnisses steigern? Welches verborgene Potenzial hat das Gehirn und wo liegen die Grenzen? Wie kann das kognitive Potenzial des Gehirns mobilisiert und gesteigert werden? Die Mikro- und Makro-Architektur unseres Gehirns gibt biologische Grenzen für die Leistungsfähigkeit von Gedächtnis, Aufmerksamkeit sowie Lernvermögen vor. Doch innerhalb dieser Grenzen gibt es [&hellip;]</p>

<!-- This site is optimized with the Yoast SEO plugin v27.1.1 - https://yoast.com/product/yoast-seo-wordpress/ -->
<title>Über uns - SFB1436</title>
<meta name="description" content="Die Schwerpunkte unserer Forschung - Wie kann das kognitive Potenzial des Gehirns mobilisiert und gesteigert werden." />
<meta name="robots" content="index, follow, max-snippet:-1, max-image-preview:large, max-video-preview:-1" />
<link rel="canonical" href="https://sfb1436.de/de/ueber-uns/" />
<meta property="og:locale" content="de_DE" />
<meta property="og:type" content="article" />
<meta property="og:title" content="Über uns - SFB1436" />
<meta property="og:description" content="Die Schwerpunkte unserer Forschung - Wie kann das kognitive Potenzial des Gehirns mobilisiert und gesteigert werden." />
<meta property="og:url" content="https://sfb1436.de/de/ueber-uns/" />
<meta property="og:site_name" content="SFB1436" />
<meta property="article:modified_time" content="2025-02-27T13:37:56+00:00" />
<meta name="twitter:card" content="summary_large_image" />
<meta name="twitter:label1" content="Geschätzte Lesezeit" />
	<meta name="twitter:data1" content="2 Minuten" />
<script type="application/ld+json" class="yoast-schema-graph">{"@context":"https://schema.org","@graph":[{"@type":"WebPage","@id":"https://sfb1436.de/de/ueber-uns/","url":"https://sfb1436.de/de/ueber-uns/","name":"Über uns - SFB1436","isPartOf":{"@id":"https://sfb1436.de/de/#website"},"datePublished":"2022-05-12T11:09:33+00:00","dateModified":"2025-02-27T13:37:56+00:00","description":"Die Schwerpunkte unserer Forschung - Wie kann das kognitive Potenzial des Gehirns mobilisiert und gesteigert werden.","breadcrumb":{"@id":"https://sfb1436.de/de/ueber-uns/#breadcrumb"},"inLanguage":"de","potentialAction":[{"@type":"ReadAction","target":["https://sfb1436.de/de/ueber-uns/"]}]},{"@type":"BreadcrumbList","@id":"https://sfb1436.de/de/ueber-uns/#breadcrumb","itemListElement":[{"@type":"ListItem","position":1,"name":"Startseite","item":"https://sfb1436.de/de/"},{"@type":"ListItem","position":2,"name":"Über uns"}]},{"@type":"WebSite","@id":"https://sfb1436.de/de/#website","url":"https://sfb1436.de/de/","name":"SFB1436","description":"","publisher":{"@id":"https://sfb1436.de/de/#organization"},"potentialAction":[{"@type":"SearchAction","target":{"@type":"EntryPoint","urlTemplate":"https://sfb1436.de/de/?s={search_term_string}"},"query-input":{"@type":"PropertyValueSpecification","valueRequired":true,"valueName":"search_term_string"}}],"inLanguage":"de"},{"@type":"Organization","@id":"https://sfb1436.de/de/#organization","name":"Otto-von-Guericke Universität Medizinische Fakultät Institut für Kognitive Neurologie und Demenzforschung","url":"https://sfb1436.de/de/","logo":{"@type":"ImageObject","inLanguage":"de","@id":"https://sfb1436.de/de/#/schema/logo/image/","url":"https://sfb1436.de/wp-content/uploads/2021/12/logo-sfb.png","contentUrl":"https://sfb1436.de/wp-content/uploads/2021/12/logo-sfb.png","width":1244,"height":820,"caption":"Otto-von-Guericke Universität Medizinische Fakultät Institut für Kognitive Neurologie und Demenzforschung"},"image":{"@id":"https://sfb1436.de/de/#/schema/logo/image/"}}]}</script>
<!-- / Yoast SEO plugin. -->

Über uns - SFB1436

Otto-von-Guericke Universität Medizinische Fakultät Institut für Kognitive Neurologie und Demenzforschung

Unser Forschungsschwerpunkt Kann man die Leistungsfähigkeit des Gedächtnisses steigern? Welches verborgene Potenzial hat das Gehirn und wo liegen die Grenzen? Wie kann das kognitive Potenzial des Gehirns mobilisiert und gesteigert werden? Die Mikro- und Makro-Architektur unseres Gehirns gibt biologische Grenzen für die Leistungsfähigkeit von Gedächtnis, Aufmerksamkeit sowie Lernvermögen vor. Doch innerhalb dieser Grenzen gibt es&hellip;
